 = 5*j + 107. Let x = 123 - c. Calculate the greatest common divisor of x and 5.
5
Let w(p) = -114*p - 991. Let l be w(-9). Let r be 2/(-4)*7*-50. Calculate the highest common factor of r and l.
35
Let f(y) = y**3 - 6*y**2. Let w = 15 + -9. Let u be f(w). Suppose u = 5*s - 2*s - 300. What is the greatest common factor of s and 10?
10
Suppose -14*r + 244 = -204. Suppose -31 - 9 = -5*i. What is the greatest common factor of r and i?
8
Let h be 8/(8063/(-1617) + 5). What is the greatest common divisor of 36 and h?
12
Suppose -65*m = -3743 + 233. Calculate the greatest common factor of 18 and m.
18
Let q = -42 + 46. Suppose -c - 10 + 76 = 3*k, 229 = q*c + 5*k. Calculate the greatest common factor of 17 and c.
17
Suppose 0 = -0*y - 2*y + 198. Let l = 6723 + -6712. What is the greatest common divisor of y and l?
11
Let k be 3 - (13 + 2 + 1). Let p = 47 + k. What is the highest common divisor of 51 and p?
17
Let j = 9 + 21. Let c = 126 - 81. Calculate the greatest common factor of c and j.
15
Suppose 5425*t = 5433*t - 29808. Calculate the highest common divisor of t and 46.
46
Let j = -1076 + 1813. What is the greatest common factor of 11 and j?
11
Let c be (0/((-15)/3))/3. Suppose -5*s = -c*s - 45. What is the greatest common divisor of 3 and s?
3
Suppose -4*w - 12*b = -13*b - 539, w = 5*b + 149. What is the greatest common divisor of w and 335?
67
Suppose -41*p = -37*p - 5*f - 105, -5*p = -4*f - 120. What is the greatest common divisor of p and 2180?
20
Let b(g) = 13*g**2 + 5*g + 10. Let a(s) = -12*s**2 - 5*s - 9. Let u(t) = -5*a(t) - 4*b(t). Let y be u(-2). Calculate the highest common divisor of 27 and y.
27
Let i = -690 - -778. What is the greatest common divisor of 275 and i?
11
Suppose 470*u + 9976 = 474*u. What is the greatest common factor of 58 and u?
58
Let x(v) = 2*v**2 + 11*v - 2. Let l be x(-8). Calculate the highest common factor of l and 608.
38
Suppose -f - 2*z + 13 = -36, -3*f = -z - 140. Suppose -4*n - 7 = -f. Let g(c) = 20*c. Let q be g(4). Calculate the greatest common divisor of n and q.
10
Let b = -59 - -35. Let h = b + 52. What is the greatest common divisor of 7 and h?
7
Suppose -102 + 18 = 3*j. Let t be (3 - 4)*j - 4. Calculate the highest common factor of 60 and t.
12
Let r be (-7)/(-2)*(-28)/(-49). Suppose u - r*o = o + 10, -2*o = -u + 5. Let v be (-4)/u - (-672)/35. What is the greatest common factor of v and 30?
10
Let f = 614 + -384. Calculate the greatest common factor of f and 10.
10
Suppose 0 = -9*d + 6*d + 15. Suppose -3*t = -d*x - 446 - 371, 5*t + 4*x = 1300. What is the greatest common divisor of 33 and t?
33
Let h = 334 + -298. What is the greatest common factor of 192 and h?
12
Let v(y) = -32*y + 22. Let o(h) = 21*h - 15. Let g(x) = -8*o(x) - 5*v(x). Let p be g(-10). Calculate the highest common factor of 45 and p.
45
Let o be 0 + 181 + (-2 - -4) + -3. What is the greatest common factor of o and 70?
10
Let j(r) = -r**2 - 15*r + 2. Let a be j(-14). Calculate the highest common divisor of a and 1.
1
Let g = 633 + -403. Let j = 351 - g. What is the greatest common factor of j and 11?
11
Let u be (4 + -22)/(-4*5/10). What is the highest common divisor of u and 1017?
9
Let w(f) = 8*f + 0 - 12 + 2*f**2 - 2 - 7. Let c be w(6). What is the highest common divisor of c and 9?
9
Let q = 1 + -4. Let l = q + 10. Let p = 0 + l. Calculate the greatest common divisor of 35 and p.
7
Suppose -8*f + 2*f = -216. Suppose 0 = 4*s + 3*w - 113, 7 = 5*s - 2*w - 117. Suppose o + 23 = m, -o = m + o - s. What is the highest common divisor of m and f?
12
Let l(z) = 4*z + 84. Let o be l(-15). What is the greatest common divisor of 8 and o?
8
Let i = 166 - -50. What is the greatest common factor of 24 and i?
24
Let i be 24/16 + (-141)/2. Let a = 78 + i. What is the greatest common factor of a and 99?
9
Let y = -544 - -569. What is the greatest common divisor of y and 35?
5
Let n(j) = -2*j - 1 + 6*j + 2*j**2 + 3 + 0. Let o be n(-2). Let l = -3 + 5. What is the highest common divisor of o and l?
2
Let o(g) = 21*g + 8. Let r be o(8). Let h = -37 + 25. Let j be (3 - (-26)/(-6))*h. What is the highest common factor of j and r?
16
Let t(r) = -9*r + 59. Let w be t(6). Suppose 3*l = -4*z - z + 393, 4*z = l + 328. Suppose z = 5*v - 19. Calculate the highest common divisor of v and w.
5
Let l(f) = -f**2 - 3*f + 10. Let n be l(4). Let a = n - -29. What is the highest common factor of 88 and a?
11
Let j(a) = a**2 - 2*a - 6. Let c be j(3). Let i(n) = -7*n - 3. Let x be i(c). Let w = x - 2. Calculate the highest common factor of w and 40.
8
Suppose -171 + 11 = -5*r. Let v = 449 - 445. Suppose v*z - r = 36. What is the highest common divisor of 136 and z?
17
Suppose 2*w + 3*w = -i + 94, 4*i - 4*w - 280 = 0. What is the greatest common factor of 666 and i?
74
Let z(t) = t**2 + 47*t - 4. Let i be z(-54). Calculate the greatest common factor of i and 34.
34
Let z = -105 - -123. What is the greatest common divisor of 342 and z?
18
Let g(k) = -k**3 + k**2 - 5. Let q be g(-5). Suppose p - 75 = -3*s, 0*p + q = 5*s - 5*p. Suppose 3*b - s = 64. What is the greatest common divisor of 240 and b?
30
Let t(n) = -n**3 + 18*n**2 + 3*n - 27. Let h be t(18). What is the highest common factor of 36 and h?
9
Suppose 5720 = -24*p + 34*p. What is the greatest common divisor of 143 and p?
143
Let z(x) = 3*x + 4. Let m be z(-4). Let n = m - -10. Let d be 8 - (n + -1)/1. What is the highest common divisor of 1 and d?
1
Let g = -86 + 99. What is the greatest common divisor of g and 611?
13
Let h = 74 - -31. Calculate the highest common factor of h and 15.
15
Let x be -6 + (-4092)/(-9) + 2/6. Suppose x = 2*m + 141. What is the highest common factor of m and 22?
22
Suppose 2*h - 286 = -0*h. Suppose -2*o = 3*p - 0*o + 291, -p = 3*o + 90. Let m be 238/18 + 22/p. Calculate the highest common factor of m and h.
13
Let t(c) = 6*c**2 + 9*c - 41. Let l be t(5). Let v = -146 + l. What is the greatest common divisor of 36 and v?
4
Let y be 24/60*-45 + 214. Let f be (-2)/(-6) + (-83)/(-3). Calculate the highest common divisor of y and f.
28
Suppose 31 = 5*f - 2*d, 0 = 3*f - 3*d + 740 - 764. Let z(b) = b**2 - 7*b + 7. Let j be z(8). What is the greatest common factor of j and f?
5
Let f = 236 - 82. Let m(k) = k**2 - 3*k + 4. Let q be m(5). What is the highest common divisor of q and f?
14
Suppose 297*z - 87 = 296*z. What is the greatest common factor of z and 667?
29
Suppose -3*p + 2*r - 192 = 0, -3*r = -r. Let z = 112 + p. Let k(o) = -5*o - 14. Let h be k(-4). What is the highest common factor of z and h?
6
Let h = 13 + -21. Let n(o) = -15*o - 24. Let z be n(h). What is the greatest common factor of 12 and z?
12
Suppose 2355 = 3*p - a + 2*a, -4*p + 3138 = 2*a. Calculate the greatest common divisor of 6 and p.
6
Suppose -9*g = 98 - 1358. Calculate the highest common factor of g and 112.
28
Suppose 4*x + 4*s = s + 25, -4*x + 4 = -4*s. Suppose 7*a = 3*a - x. Let n be (-12)/a + (-18)/(-9). Calculate the highest common factor of 70 and n.
14
Suppose -106 = 2*l - 5*l - 2*j, 2*j - 142 = -4*l. Let a = 86 - 50. Suppose 4*g - a = 60. Calculate the highest common divisor of g and l.
12
Let x = 5 - -6. Suppose 5*q + 1760 = 4*c, -2*c + 4*q = -269 - 611. Suppose j - c = -4*j. Calculate the highest common divisor of x and j.
11
Suppose 4*l - 1092 = -5*y, 4*y = 2*l - 3*l + 867. What is the greatest common factor of y and 378?
54
Let z(w) = -5*w + 7*w**2 - 3 - 6*w**2 + 1. Let u be z(-3). Suppose 4*q - 64 - 24 = 0. Calculate the highest common factor of q and u.
22
Suppose y + 0*y - 144 = 0. Let g be (-2)/(-4) + (-312)/16. Let c(o) = -o**2 - 21*o - 20. Let p be c(g). What is the highest common divisor of p and y?
18
Let z = -340 + 613. Calculate the highest common factor of 52 and z.
13
Let s(f) = -2*f**3 - 5*f**2 - f + 7. Let b be s(-3). Suppose -4*q - b - 9 = -t, -48 = -5*t - 3*q. Calculate the highest common factor of t and 48.
12
Suppose q = -4*q + 30. Let v = -3254 - -3314. What is the highest common divisor of q and v?
6
Let z(b) = 13*b + 2. Let i be z(4). Suppose 0 = -5*k + 144 - i. What is the highest common factor of k and 2?
2
Let r = 24 - 14. Suppose -4*m + 50 - r = 0. Let n = 14 - -11. What is the highest common divisor of m and n?
5
Let f(g) = -g + 18. Let h = -40 - -57. Let k be f(h). What is